{"id":13659,"date":"2023-09-07T11:40:13","date_gmt":"2023-09-07T11:40:13","guid":{"rendered":"http:\/\/przedszkolenr5sopot.pl\/?page_id=13659"},"modified":"2024-04-18T11:53:58","modified_gmt":"2024-04-18T11:53:58","slug":"unia-europejska-europejski-fundusz-rozwoju-regionalnego","status":"publish","type":"page","link":"http:\/\/przedszkolenr5sopot.pl\/?page_id=13659","title":{"rendered":"Unia Europejska Europejski Fundusz Rozwoju Regionalnego"},"content":{"rendered":"<p><a href=\"http:\/\/przedszkolenr5sopot.pl\/wp-content\/uploads\/2023\/09\/Opis-na-strone-internetowa-jednostek-w-projekcie.doc\"><img loading=\"lazy\" decoding=\"async\" class=\"alignnone wp-image-13669\" src=\"http:\/\/przedszkolenr5sopot.pl\/wp-content\/uploads\/2023\/09\/projekt-e1694088444773-300x28.png\" alt=\"\" width=\"686\" height=\"64\" srcset=\"http:\/\/przedszkolenr5sopot.pl\/wp-content\/uploads\/2023\/09\/projekt-e1694088444773-300x28.png 300w, http:\/\/przedszkolenr5sopot.pl\/wp-content\/uploads\/2023\/09\/projekt-e1694088444773-800x76.png 800w, http:\/\/przedszkolenr5sopot.pl\/wp-content\/uploads\/2023\/09\/projekt-e1694088444773-150x14.png 150w, http:\/\/przedszkolenr5sopot.pl\/wp-content\/uploads\/2023\/09\/projekt-e1694088444773-768x73.png 768w, http:\/\/przedszkolenr5sopot.pl\/wp-content\/uploads\/2023\/09\/projekt-e1694088444773-1536x146.png 1536w, http:\/\/przedszkolenr5sopot.pl\/wp-content\/uploads\/2023\/09\/projekt-e1694088444773.png 1889w\" sizes=\"(max-width: 686px) 100vw, 686px\" \/><\/a><\/p>\n<p><strong>Projekt \u201eKompleksowa modernizacja energetyczna budynk\u00f3w u\u017cyteczno\u015bci publicznej w Sopocie\u201d<\/strong><\/p>\n<p>Budynek \u201ePrzedszkola nr 5&nbsp; w Sopocie\u201d mieszcz\u0105cy si\u0119 przy ulicy J.J. Haffnera 72 &nbsp;zosta\u0142 obj\u0119ty projektem <strong>\u201eKompleksowej modernizacji energetycznej budynk\u00f3w u\u017cyteczno\u015bci publicznej w Sopocie\u201d<\/strong>, kt\u00f3ry jest realizowany przez Gmin\u0119 Miasta Sopotu i dofinansowany z Funduszy Europejskich.<\/p>\n<p>Za\u0142\u0105cznik do pobrania:<\/p>\n<p><a href=\"http:\/\/przedszkolenr5sopot.pl\/wp-content\/uploads\/2024\/04\/Projekt-Kompleksowa-modernizacja-energetyczna-budynkow-uzytecznosci-publicznej-w-Sopocie.pdf\">Projekt Kompleksowa modernizacja energetyczna budynk\u00f3w u\u017cyteczno\u015bci publicznej w Sopocie<\/a><\/p>\n","protected":false},"excerpt":{"rendered":"<p>Projekt \u201eKompleksowa modernizacja energetyczna budynk\u00f3w u\u017cyteczno\u015bci publicznej w Sopocie\u201d Budynek \u201ePrzedszkola nr 5&nbsp; w Sopocie\u201d mieszcz\u0105cy si\u0119 przy ulicy J.J. Haffnera 72 &nbsp;zosta\u0142 obj\u0119ty projektem \u201eKompleksowej modernizacji energetycznej budynk\u00f3w u\u017cyteczno\u015bci publicznej w Sopocie\u201d, kt\u00f3ry jest realizowany przez Gmin\u0119 Miasta Sopotu &hellip; <\/p>\n","protected":false},"author":1,"featured_media":0,"parent":0,"menu_order":0,"comment_status":"closed","ping_status":"closed","template":"","meta":{"ngg_post_thumbnail":0,"footnotes":""},"class_list":["post-13659","page","type-page","status-publish","hentry"],"_links":{"self":[{"href":"http:\/\/przedszkolenr5sopot.pl\/index.php?rest_route=\/wp\/v2\/pages\/13659"}],"collection":[{"href":"http:\/\/przedszkolenr5sopot.pl\/index.php?rest_route=\/wp\/v2\/pages"}],"about":[{"href":"http:\/\/przedszkolenr5sopot.pl\/index.php?rest_route=\/wp\/v2\/types\/page"}],"author":[{"embeddable":true,"href":"http:\/\/przedszkolenr5sopot.pl\/index.php?rest_route=\/wp\/v2\/users\/1"}],"replies":[{"embeddable":true,"href":"http:\/\/przedszkolenr5sopot.pl\/index.php?rest_route=%2Fwp%2Fv2%2Fcomments&post=13659"}],"version-history":[{"count":8,"href":"http:\/\/przedszkolenr5sopot.pl\/index.php?rest_route=\/wp\/v2\/pages\/13659\/revisions"}],"predecessor-version":[{"id":14207,"href":"http:\/\/przedszkolenr5sopot.pl\/index.php?rest_route=\/wp\/v2\/pages\/13659\/revisions\/14207"}],"wp:attachment":[{"href":"http:\/\/przedszkolenr5sopot.pl\/index.php?rest_route=%2Fwp%2Fv2%2Fmedia&parent=13659"}],"curies":[{"name":"wp","href":"https:\/\/api.w.org\/{rel}","templated":true}]}}

<p><a href="http://przedszkolenr5sopot.pl/wp-content/uploads/2023/09/Opis-na-strone-internetowa-jednostek-w-projekcie.doc"><img loading="lazy" decoding="async" class="alignnone wp-image-13669" src="http://przedszkolenr5sopot.pl/wp-content/uploads/2023/09/projekt-e1694088444773-300x28.png" alt="" width="686" height="64" srcset="http://przedszkolenr5sopot.pl/wp-content/uploads/2023/09/projekt-e1694088444773-300x28.png 300w, http://przedszkolenr5sopot.pl/wp-content/uploads/2023/09/projekt-e1694088444773-800x76.png 800w, http://przedszkolenr5sopot.pl/wp-content/uploads/2023/09/projekt-e1694088444773-150x14.png 150w, http://przedszkolenr5sopot.pl/wp-content/uploads/2023/09/projekt-e1694088444773-768x73.png 768w, http://przedszkolenr5sopot.pl/wp-content/uploads/2023/09/projekt-e1694088444773-1536x146.png 1536w, http://przedszkolenr5sopot.pl/wp-content/uploads/2023/09/projekt-e1694088444773.png 1889w" sizes="(max-width: 686px) 100vw, 686px" /></a></p>
<p><strong>Projekt „Kompleksowa modernizacja energetyczna budynków użyteczności publicznej w Sopocie”</strong></p>
<p>Budynek „Przedszkola nr 5&nbsp; w Sopocie” mieszczący się przy ulicy J.J. Haffnera 72 &nbsp;został objęty projektem <strong>„Kompleksowej modernizacji energetycznej budynków użyteczności publicznej w Sopocie”</strong>, który jest realizowany przez Gminę Miasta Sopotu i dofinansowany z Funduszy Europejskich.</p>
<p>Załącznik do pobrania:</p>
<p><a href="http://przedszkolenr5sopot.pl/wp-content/uploads/2024/04/Projekt-Kompleksowa-modernizacja-energetyczna-budynkow-uzytecznosci-publicznej-w-Sopocie.pdf">Projekt Kompleksowa modernizacja energetyczna budynków użyteczności publicznej w Sopocie</a></p>

<p>Projekt „Kompleksowa modernizacja energetyczna budynków użyteczności publicznej w Sopocie” Budynek „Przedszkola nr 5&nbsp; w Sopocie” mieszczący się przy ulicy J.J. Haffnera 72 &nbsp;został objęty projektem „Kompleksowej modernizacji energetycznej budynków użyteczności publicznej w Sopocie”, który jest realizowany przez Gminę Miasta Sopotu &hellip; </p>
