{"id":4749,"date":"2018-12-13T05:52:11","date_gmt":"2018-12-13T05:52:11","guid":{"rendered":"http:\/\/przedszkolenr5sopot.pl\/?page_id=4749"},"modified":"2025-09-08T09:46:31","modified_gmt":"2025-09-08T09:46:31","slug":"rodo","status":"publish","type":"page","link":"http:\/\/przedszkolenr5sopot.pl\/?page_id=4749","title":{"rendered":"RODO"},"content":{"rendered":"<p>Administrator wyznaczy\u0142 Inspektora Ochrony Danych Osobowych \u2013 Kamil\u0119 Baczy\u0144sk\u0105, z kt\u00f3rym mo\u017cna kontaktowa\u0107 si\u0119 pod adresem e-mail: rodo@ckusopot.pl lub listownie na adres: Centrum Kszta\u0142cenia Ustawicznego ul. Tadeusza Ko\u015bciuszki 22-24, 81-704 Sopot z dopiskiem \u201eRODO\u201d.<br \/>\nAdministratorem danych osobowych <strong>jest Przedszkole nr 5 z siedzib\u0105 w Sopocie, ul. Jana Jerzego Haffnera, kod pocztowy 81-715 e-mail: p5@przedszkole5sopot.pl tel. 58 551-16-12.<\/strong> Dane przetwarzane s\u0105 zgodnie z przepisami o ochronie danych osobowych wy\u0142\u0105cznie w celu dla kt\u00f3rego s\u0105 zbierane, dane nie s\u0105 udost\u0119pniane podmiotom innym ni\u017c uprawnione na mocy przepis\u00f3w prawa, dane osobowe nie b\u0119d\u0105 przekazywane do pa\u0144stwa trzeciego\/organizacji mi\u0119dzynarodowej, podaj\u0105cemu przys\u0142uguje prawo dost\u0119pu do tre\u015bci swoich danych oraz ich poprawiania, podanie danych jest dobrowolne, lecz niezb\u0119dne do realizacji celu dla kt\u00f3rego s\u0105 zbierane, dane s\u0105 przechowywane nie d\u0142u\u017cej ni\u017c jest to niezb\u0119dne do osi\u0105gni\u0119cia celu przetwarzania. Osoba, kt\u00f3rej dane dotycz\u0105, ma prawo w dowolnym momencie wycofa\u0107 zgod\u0119 \u2013 wycofanie zgody nie wp\u0142ywa na zgodno\u015b\u0107 z prawem przetwarzania, kt\u00f3rego dokonano na podstawie zgody przed jej wycofaniem. Podaj\u0105cemu dane przys\u0142uguje prawo wniesienia skargi do Prezesa Urz\u0119du Ochrony Danych Osobowych, gdy uzna, i\u017c przetwarzanie danych osobowych jej dotycz\u0105cych narusza przepisy o ochronie danych osobowych.<\/p>\n<p><strong>Klauzula informacyjna\u2013 monitoring wizyjny<\/strong><\/p>\n<p>Zgodnie z art. 13 ust. 1-2 Rozporz\u0105dzenia Parlamentu Europejskiego i Rady (UE) 2016\/679 z 27 kwietnia 2016r. w sprawie ochrony os\u00f3b fizycznych w zwi\u0105zku z przetwarzaniem danych osobowych i w sprawie swobodnego przep\u0142ywu takich danych oraz uchylenia dyrektywy 95\/46\/WE (dalej Rozporz\u0105dzenie RODO) &#8211; informujemy, \u017ce:<\/p>\n<ol>\n<li>Administratorem danych osobowych jest <strong>Przedszkole nr 5 z siedzib\u0105 w Sopocie<\/strong><strong>.<\/strong><\/li>\n<\/ol>\n<table width=\"100%\">\n<tbody>\n<tr>\n<td width=\"21%\"><em>Dane kontaktowe<\/em><\/td>\n<td width=\"31%\"><em>Adres<\/em><\/td>\n<td width=\"22%\"><em>Adres email<\/em><\/td>\n<td width=\"24%\"><em>Telefon<\/em><\/td>\n<\/tr>\n<tr>\n<td width=\"21%\">Przedszkole nr 5<\/td>\n<td width=\"31%\">ul. J.J.Haffnera 7281-715 Sopot<\/td>\n<td width=\"22%\"><a href=\"mailto:p5@przedszkole5sopot.pl\">p5@przedszkole5sopot.pl<\/a><\/td>\n<td width=\"24%\">58&nbsp;551 16 12<\/td>\n<\/tr>\n<tr>\n<td width=\"21%\">Inspektor Ochrony Danych<\/td>\n<td width=\"31%\">Sabina Baczy\u0144ska<\/p>\n<p>ul. Tadeusza Ko\u015bciuszki 22-24, 81-704 Sopot \u2013 pok\u00f3j nr 9<\/td>\n<td width=\"22%\"><a href=\"mailto:rodo@ckusopot.pl\">rodo@ckusopot.pl<\/a><\/td>\n<td width=\"24%\">58&nbsp;551 00 11 wew. 46<\/td>\n<\/tr>\n<\/tbody>\n<\/table>\n<p>2. Dane osobowe s\u0105 przetwarzane w celu zapewnienia bezpiecze\u0144stwa i ochrony os\u00f3b oraz mienia, zgodnie z przepisami:<\/p>\n<ul>\n<li>108a Ustawy z dnia 14 grudnia 2016r. Prawo o\u015bwiatowe (Dz.U. z 2018r. poz. 996 i 1000)<\/li>\n<li>6 ust. 1 lit. c oraz e Rozporz\u0105dzenia RODO<\/li>\n<\/ul>\n<ol start=\"3\">\n<li>Monitoring z\u0142o\u017cony jest z <strong>sze\u015bciu ca\u0142odobowych kamer przemys\u0142owych&nbsp;<\/strong>(obejmuj\u0105cych wizj\u0119, bez g\u0142osu),<\/li>\n<\/ol>\n<p>o podanym poni\u017cej zasi\u0119gu:<\/p>\n<p>a) &nbsp;miejsca zewn\u0119trzne:<\/p>\n<ul>\n<li>kamera z przodu budynku (od ul. Haffneraobejmuj\u0105ce m.in. bram\u0119 wjazdow\u0105, furtk\u0119 i schody wej\u015bciowe (sztuk 1)<\/li>\n<li>kamery w ogrodzie przedszkolnym (sztuk 2)<\/li>\n<\/ul>\n<p>b) &nbsp;miejsca wewn\u0105trz budynku (hol na parterze, szatnia, hol na pi\u0119trze):<\/p>\n<ul>\n<li>widok na hol wej\u015bciowy, szatni\u0119 na parterze, schody na pi\u0119tro(sztuk 2)<\/li>\n<li>widok na schody na p\u00f3\u0142pi\u0119trze prowadz\u0105ce na pi\u0119tro, hol na pi\u0119trze (1)<\/li>\n<\/ul>\n<ol start=\"4\">\n<li>Dane osobowe przechowywane s\u0105 przez <strong>miesi\u0105c od dnia zarejestrowania<\/strong>. Po up\u0142ywie tego terminu dane s\u0105 automatycznie usuwane.<\/li>\n<li>Odbiorc\u0105 danych osobowych b\u0119d\u0105&nbsp; wy\u0142\u0105cznie&nbsp; podmioty&nbsp; uprawnione do ich otrzymania na podstawie przepis\u00f3w obowi\u0105zuj\u0105cego prawa.Informacje z monitoringu mog\u0105 by\u0107 wykorzystane jedynie w przypadku potrzeby analizy incydent\u00f3w naruszenia prawa i nie zostan\u0105 wykorzystane w \u017cadnym innym celu.<\/li>\n<li>Osoba, kt\u00f3rej dane dotycz\u0105 ma prawo \u017c\u0105dania od Administratora dost\u0119pu do swoich danych osobowych, ich sprostowania, usuni\u0119cia lub ograniczenia przetwarzania, prawo do wniesienia sprzeciwu wobec przetwarzania.<\/li>\n<li>Osoba kt\u00f3rej dane dotycz\u0105, ma prawo wniesienia skargi do organu nadzorczego, kt\u00f3rym jest Prezes Urz\u0119du Ochrony Danych Osobowych, je\u015bli uzna, i\u017c przetwarzanie przez Administratora danych osobowych narusza przepisy Rozporz\u0105dzenia.<\/li>\n<li>Podanie przez Pana\/Pani\u0105 danych osobowych jest dobrowolne. Wst\u0119p na teren monitorowany po\u015bwiadcza wyra\u017cenie zgody na przetwarzanie danych osobowych w postaci monitoringu w zakresie wskazanym w pkt. 2. Konsekwencj\u0105 odmowy udost\u0119pnienia tych danych jest brak mo\u017cliwo\u015bci przebywania na terenie monitorowanym.<\/li>\n<li>Zapisy z monitoringu nie podlegaj\u0105 zautomatyzowanemu podejmowaniu decyzji (w tym profilowaniu) oraz nie b\u0119d\u0105 przekazywane do pa\u0144stwa trzeciego lub organizacji mi\u0119dzynarodowej.<\/li>\n<\/ol>\n","protected":false},"excerpt":{"rendered":"<p>Administrator wyznaczy\u0142 Inspektora Ochrony Danych Osobowych \u2013 Kamil\u0119 Baczy\u0144sk\u0105, z kt\u00f3rym mo\u017cna kontaktowa\u0107 si\u0119 pod adresem e-mail: rodo@ckusopot.pl lub listownie na adres: Centrum Kszta\u0142cenia Ustawicznego ul. Tadeusza Ko\u015bciuszki 22-24, 81-704 Sopot z dopiskiem \u201eRODO\u201d. Administratorem danych osobowych jest Przedszkole nr &hellip; <\/p>\n","protected":false},"author":1,"featured_media":0,"parent":0,"menu_order":1,"comment_status":"open","ping_status":"closed","template":"","meta":{"ngg_post_thumbnail":0,"footnotes":""},"class_list":["post-4749","page","type-page","status-publish","hentry"],"_links":{"self":[{"href":"http:\/\/przedszkolenr5sopot.pl\/index.php?rest_route=\/wp\/v2\/pages\/4749"}],"collection":[{"href":"http:\/\/przedszkolenr5sopot.pl\/index.php?rest_route=\/wp\/v2\/pages"}],"about":[{"href":"http:\/\/przedszkolenr5sopot.pl\/index.php?rest_route=\/wp\/v2\/types\/page"}],"author":[{"embeddable":true,"href":"http:\/\/przedszkolenr5sopot.pl\/index.php?rest_route=\/wp\/v2\/users\/1"}],"replies":[{"embeddable":true,"href":"http:\/\/przedszkolenr5sopot.pl\/index.php?rest_route=%2Fwp%2Fv2%2Fcomments&post=4749"}],"version-history":[{"count":14,"href":"http:\/\/przedszkolenr5sopot.pl\/index.php?rest_route=\/wp\/v2\/pages\/4749\/revisions"}],"predecessor-version":[{"id":14968,"href":"http:\/\/przedszkolenr5sopot.pl\/index.php?rest_route=\/wp\/v2\/pages\/4749\/revisions\/14968"}],"wp:attachment":[{"href":"http:\/\/przedszkolenr5sopot.pl\/index.php?rest_route=%2Fwp%2Fv2%2Fmedia&parent=4749"}],"curies":[{"name":"wp","href":"https:\/\/api.w.org\/{rel}","templated":true}]}}